Calculate the greatest common factor of d and 160.
32
Let b = 2393 + -2260. What is the highest common divisor of b and 35?
7
Suppose 592*f = 574*f + 324. Calculate the highest common factor of f and 1719.
9
Let q(r) = r**2 - 42*r + 307. Let s be q(36). Calculate the highest common divisor of s and 676.
13
Suppose 4565 = 33*l + 1562. Calculate the highest common factor of l and 637.
91
Suppose 1341 = -10*k - 29. Let x = k + 176. Let s(i) = -27*i - 1. Let m be s(-1). Calculate the greatest common factor of x and m.
13
Let r be 6/18 - (-4)/(-3). Let z be r/3 + (-348)/(-18). Suppose -1032*y + 608 = -1024*y. What is the highest common factor of y and z?
19
Let j(h) = -25*h. Let q(m) = 12*m. Let n(k) = -3*j(k) - 7*q(k). Let z be n(-1). Suppose 0*v + 720 = 10*v. What is the greatest common divisor of z and v?
9
Let c be 5/((-765)/(-3638)) - (12/(-54) + 0). Let j(u) = u + 36. Let t be (-2)/7 - (-4)/14. Let h be j(t). What is the highest common divisor of c and h?
12
Suppose -5*d + 0*d = -10. Let u = d + 5. Let q = 5326 + -5270. What is the highest common factor of q and u?
7
Let q be 4/(-6) - 1*(-49520)/48. Calculate the highest common divisor of q and 1.
1
Suppose -2*v = 5*z - 68, 3*v + 511 = 493. Calculate the highest common factor of z and 42.
2
Let l = 3168 + -361. What is the highest common factor of 14 and l?
7
Let k = 3036 + -2988. Suppose -2 = 3*f - l - 4*l, 3*f - l - 14 = 0. Calculate the highest common divisor of k and f.
6
Suppose g - 6 - 9 = -4*y, 4*g = y + 26. Let r(a) = -a**2 + 15*a + 25. Let k be r(g). Calculate the greatest common factor of k and 3.
3
Let l = 33 - 31. Let p be (-3 + l)/(5 + -6). Suppose 0 = j - 5*i - 31, -3*i - 5 = p. What is the highest common divisor of j and 14?
7
Let b = 183 - 170. Suppose -5*s - d - b = -130, -s = 3*d - 29. What is the highest common factor of 299 and s?
23
Let a = -10750 + 10942. What is the highest common divisor of a and 15?
3
Let s be ((-12)/2)/((-4)/(-34))*-1. Suppose -4*c + w + 111 = -0, 0 = -2*c + 5*w + s. Suppose -h + 2*h - 7 = 0. What is the greatest common factor of h and c?
7
Suppose -699 = -4*l - 5*a, a = 3*l - 3*a - 563. Let q = l + -146. Calculate the highest common divisor of 70 and q.
35
Suppose -59 = -3*k - 2*w + 6, -4*k + w + 83 = 0. Calculate the highest common factor of 2135 and k.
7
Let x(z) = -11*z**3 - 11*z**2 + 9*z - 6. Let i be x(-6). What is the highest common factor of i and 360?
120
Suppose z - 6075 = 3*d + 290, -d - 6375 = -z. Calculate the greatest common factor of z and 40.
20
Let f = -6069 + 6181. What is the highest common divisor of f and 512?
16
Let i = -726 - -1221. Let c = i - 486. Calculate the highest common divisor of 792 and c.
9
Suppose -29*y + 14*y + 29920 = 29*y. Calculate the greatest common divisor of 180 and y.
20
Suppose -4*h - q = -1416, 5*q = -2*h + 6*q + 702. Suppose 0 = -5*p + 2*z + 591, 0 = 10*p - 13*p + 2*z + h. What is the greatest common divisor of p and 7?
7
Let l be 1/2*(3 + 1 - 4). Suppose 2*o - 3 = -3*m - 4, 3*o + 3*m = l. Let k = o + 1. What is the highest common divisor of k and 1?
1
Suppose 0 = -723*q + 720*q + 2*n + 272, -n = 3*q - 269. Calculate the greatest common divisor of q and 5070.
30
Let j = 70972 - 16675. Calculate the greatest common factor of j and 9.
9
Suppose -3*q - t + 91 = 0, 97 = 4*q - q - 2*t. Suppose 3*k + d - 1023 = 0, 28*k + d = 26*k + 682. Calculate the greatest common factor of q and k.
31
Let o = 34346 - 29242. Calculate the greatest common divisor of o and 406.
58
Let i(m) = m**2 + 29*m + 42. Let y be i(-12). Let n = -158 - y. Suppose 5*u - 18 = -3*h, -12 = -2*h - 0*h - 4*u. Calculate the highest common factor of n and h.
2
Let d = 292 - 270. Calculate the greatest common divisor of 1529 and d.
11
Let h(r) be the third derivative of 19*r**4/12 - 2*r**3/3 - r**2. Let v be h(6). Let y be 18/8*v/21. What is the greatest common divisor of y and 8?
8
Let h be 6/(-30) + 23*76/(-10). Let r be h/(-2) + 4/8. Suppose -5*p + 2*m = -107, -r = -2*p - 2*p + m. What is the greatest common divisor of 69 and p?
23
Suppose 124*t - 39*t = 1105. Calculate the highest common divisor of 1625 and t.
13
Suppose -2*l = -0*l + 5*y + 116, l - y + 65 = 0. Let o = -41 - l. Suppose 0 = -5*p + 2*s + 20, 2*s = p - 3 - 9. Calculate the highest common divisor of p and o.
2
Let h(u) = -2*u - 10. Let g be h(-9). Suppose g*l - 185 = 3*l. Suppose 4*a - 2*d = -0*d + 136, -3*a - 4*d = -135. What is the highest common divisor of a and l?
37
Suppose -v - 4*a = -7, -8*v + 3*v - 2*a + 71 = 0. Let j = -44 + 40. Let m be (j + (0 - -2))*-60. What is the highest common factor of v and m?
15
Let c = 69 + -69. Suppose 0*u + 2*u - 112 = c. What is the greatest common divisor of u and 7?
7
Let b = -31 + 19. Let t be 44/418 + (-682)/(-19). Let h = t + b. Calculate the greatest common factor of h and 168.
24
Suppose -51*w + 5735 = -3495 - 5407. What is the highest common factor of w and 35?
7
Let s = 869 + -363. Let x = s - 425. Calculate the greatest common divisor of 63 and x.
9
Let c be 4/(-3)*(-38931)/19. Suppose -2729*j + c*j - 33 = 0. Calculate the highest common factor of j and 3.
1
Let j(c) = 154*c - 153. Let i be j(2). Calculate the greatest common factor of i and 40.
5
Suppose 0 = 48*c - 49*c - 5*b + 119, -3*b + 459 = 4*c. What is the highest common factor of c and 12?
6
Let i(o) = 8*o**3 + 7*o**2 - 14*o + 21. Let p be i(5). Suppose -9*h = -p + 226. What is the highest common factor of h and 20?
20
Suppose 3*j + 2*b = -j + 20, 4*b - 10 = 2*j. Suppose -2*x + 80 = -4*p, -p - 80 = -j*x + x. Let l = -61 - -101. Calculate the greatest common divisor of l and x.
40
Suppose 129*d = -157*d + 3718. Calculate the greatest common divisor of d and 2132.
13
Suppose -13*k + 17 = -22. Let h = -4 - -4. Suppose 3*x = h, k*q + 0*x - 72 = -2*x. Calculate the highest common factor of 264 and q.
24
Suppose -228*r + 41019 - 24345 = -30750. What is the highest common divisor of 2704 and r?
208
Let k(t) = 2*t**2 + 37*t + 203. Let y be k(-3). What is the highest common divisor of 85 and y?
5
Suppose -3*d = -13*d + 1670. Let c = d + -155. What is the greatest common factor of c and 10?
2
Let z be (1 - -5)*(-4)/(-8). Suppose x = 2*p + 42, -14*x + 13*x = z*p - 17. What is the highest common factor of x and 5?
1
Let s(p) = 34*p - 105. Let o be s(7). Let i(u) = 30 - 3*u**2 - 7*u - 3*u**2 - 29 + 5*u**2. Let d be i(-6). What is the greatest common divisor of o and d?
7
Suppose 5*c - 2*v = 76, -5*v + 58 = 33*c - 30*c. Calculate the greatest common divisor of 328 and c.
8
Let y be 3/18 - (-994845)/522. Calculate the greatest common divisor of y and 6.
2
Suppose 6*x = x + 2*j + 431, 3*j = 5*x - 434. Let g = 394 - 396. Let s be 51*g*(-1)/3. Calculate the greatest common factor of x and s.
17
Let i = -1192 - -1201. Let o(t) be the first derivative of -t**4/2 - 4*t**3/3 - t - 4. Let m be o(-4). What is the greatest common factor of m and i?
9
Let n(z) be the second derivative of 2*z**4/3 + 43*z**3/3 + 16*z**2 + 299*z. Let y be n(-12). What is the greatest common divisor of 4 and y?
4
Suppose q - 8 = r, 3*r = -3*q - 0*r + 30. Let o(p) = -2*p - 20. Let f be o(-12). Suppose -f*s = -2*s - 6. Calculate the greatest common factor of s and q.
3
Suppose -19 = -5*w + 1, 5*w = 2*n - 582. Suppose 11*f + n = 1093. Suppose -4*t + 0*h + 24 = -4*h, -4 = -2*h. Calculate the greatest common factor of f and t.
8
Let s = -1 - -15. Let t(y) = 41 - 9*y - y + 62 - 35 + 6*y. Let d be t(s). Calculate the highest common divisor of d and 156.
12
Let b(k) = -118*k - 282. Let y be b(-4). Suppose 5*q - 5*r - 395 = 0, 5*q - 310 = q + 2*r. What is the highest common factor of q and y?
38
Let c = -79 + 199. Let p = 10971 + -10956. What is the highest common divisor of c and p?
15
Let i be (-20)/6 + 52626/63. Calculate the highest common factor of 143 and i.
13
Suppose -4*g = 5*t + 108 + 196, g - 4 = 0. Suppose n = 3*p - 212, 0*n - 2*n = -2. Let z = p + t. What is the highest common divisor of z and 1?
1
Suppose j + 258 = t, 3*t = j - 4*j + 750. Let q = -70 + t. Calculate the highest common factor of 138 and q.
46
Suppose 9*w - 2*k + 16 = 10*w, -w + 4*k = -28. Suppose 0 = w*g - 285 - 195. Calculate the highest common factor of 64 and g.
8
Let v(i) = -9*i + 73. Let a be v(21). Let z = a - -182. What is the highest comm